 - 1).
7
60 - (-3 + -2 + (1 - -13 - 13))
64
23 - (-22 + 13 - (-29 + -2))
1
Evaluate (96 - -7 - 53) + -12.
38
-6 + (3 - (10 + (-16 - -9))) - (-6 + -20)
20
Evaluate -4 + 2 + (-14 - -89) + -90 + -90.
-107
-28 - -7 - 8 - 62
-91
Evaluate -46 - ((5 - 0 - -5) + -25).
-31
What is the value of 152 + -159 - ((-3 - (-10 + -2)) + 0)?
-16
-68 + (351 - 318) - (1 - -24)
-60
Calculate (-9 - -2) + (6 - (-22 - -21) - (-5 - -4)).
1
Evaluate -33 - ((2 - 19 - -27) + -13).
-30
What is the value of 58 + (-46 - -1) - 44?
-31
Calculate -16643 + 16598 - (-138 + 0).
93
What is 92 - (31 - (-21 - (-8 - 14)) - 19)?
81
Calculate 10 + -3 - (-7 + 14) - (-1 - -9).
-8
What is the value of 138 + 67 + -340 + 154?
19
Evaluate -14 + 32 + -50 + 22 + (-22 - -4).
-28
Calculate -7 - (-48 + -15 + 36) - 69.
-49
Calculate -2 + -17 + (0 - (-5 - (3 + 5))) + -32.
-38
Calculate (-2 - -1 - -4 - (-4581 + 4563)) + 2.
23
What is -105 + -41 + 150 + (-5 - -2 - -2)?
3
What is -60 + -20 + 63 - -28?
11
Evaluate 6 - (-24 + 86 + -30).
-26
Calculate 28 + -69 + (-29 - 34 - -35).
-69
What is the value of (17 - 5) + -59 + 33 + -85?
-99
What is the value of 1 - (51 + -53 - (0 - 35 - (-1 - 1)))?
-30
71 + 15 + 33 + -56
63
What is -19 + (-7 - (-6 + 5) - -58 - 19)?
14
Calculate 2 - (1 + 5) - ((-16 - 1) + 6).
7
Calculate (711 - 744) + 3 + 1.
-29
Calculate 88 - (63 + -98 - -68).
55
What is the value of -2457 + 2451 + (-19 - -2)?
-23
What is the value of 83 + -70 - ((-3 - 1 - -70) + 2)?
-55
Calculate (-20 + -115 - ((23 - 9) + -31)) + -14.
-132
(1 - (5 + 9 + -12)) + -64 + -8 - -9
-64
What is 31 - (-10 - (-33 + 17))?
25
Calculate (22 - 27 - -16) + -22 - 51.
-62
What is the value of 19 - (-17 - -57) - (-2 + 33)?
-52
-218 - -186 - (-5 + 4 - -29)
-60
Calculate 2 + -7 + (-71 - (-93 + -49)).
66
What is 7 - (45 - (-13 + 4 + 30))?
-17
Evaluate (-34 - -34 - 14 - -18) + 84.
88
120 - 129 - -79 - 117
-47
Evaluate 44 + (-74 - -41) + 49.
60
What is the value of (5 - ((3 - (2 - 5)) + 7)) + 51 + -3?
40
Evaluate -5 - 0 - (19 + (56 - 35) + -17).
-28
112 - (113 + (-19 - 56))
74
Calculate -12 + 34 + (57 - (105 + -42)).
16
3 - (1 + -3) - (15 + -6 + -18)
14
(-8 - (51 - 83)) + 0 + 9
33
What is -9 - 0 - ((-49 - 17) + 17 + -3 + 4)?
39
(-180 + 41 - -113) + (0 - -30)
4
What is the value of -259 + 214 - (6 - 0 - (-9 - (5 - 15)))?
-50
What is the value of (82 + -139 - -43) + (31 - (-2 + 2))?
17
Evaluate -11 + (-31 + 0 - (500 + -513)).
-29
Evaluate -35 + 6 - (-8 + -2 + 8).
-27
Evaluate (-24 + -70 - (-12 + -1)) + 16 - 5.
-70
What is the value of (-1 - (-12 + -2 - (10 + -18))) + 43?
48
Calculate -64 + 37 - 8 - -39.
4
-38 + 23 + -2 + 38 + 3 + -1
23
Evaluate -10 + (60 - (4 - (-8 + 20 - 6))).
52
What is 109 + (-162 - -92) + -3 + -157?
-121
Calculate (3 - (3 + 3)) + 16 + -858 + 857.
12
52 + (12 - -35) + -90
9
-19 + 0 - (-46 - ((44 - 79) + -32))
-40
Evaluate (28 - 90) + -25 - (1 - 14).
-74
What is the value of -819 + 829 - (-13 + -10 + (1 - 2))?
34
What is the value of (30 - (67 + -47 + 53)) + -77?
-120
What is (-13 + 9 - 5) + -58 + 18 + 11?
-38
What is the value of 12 + (-1 + -11 + -26 + 8 - 4)?
-22
Evaluate 61 + 38 + (-19 - 44).
36
What is the value of 30 - (0 + -4 + 6) - (11 - (14 + -14))?
17
Calculate (15 - (-11 + 71 + 18)) + -2 + -16.
-81
What is the value of 150 + 56 + -118 - 61?
27
Evaluate (0 - 68) + (-24 - (152 - 139)).
-105
Calculate 23 + (-6 - -41) + -33.
25
-8 + (-13 + 12 - -7) - -17
15
What is 11 + (33 + -14 - 31) - 55?
-56
Calculate -17 - -5 - (-33 - -16 - 0) - (-12 - 1).
18
Calculate 4 - (-7 - (-10 + (-40 - -48) + 19 + 2)).
30
What is the value of 7 - -25 - (15 - -4 - 47)?
60
-13 + (45 - -2 - 44)
-10
Calculate (87 - -25) + -91 - (4 + -7 + 3).
21
What is 2 - (2 + 1) - 5 - (177 - (62 + 36))?
-85
Calculate -291 + 349 + -64 + -7.
-13
-22 - (6 - 14) - -40 - (-15 + 10)
31
10 - (-13 - (-50 - (10 - 3)) - -7 - 14)
-27
(1 - (2 - 2)) + -3570 + 3586
17
Calculate 12 - (-10 - -63) - (1 - 17).
-25
Evaluate 0 + -3 - (14 + 15 + (34 - 5)).
-61
What is the value of 13 + -9 + (-3 - -18) + (-72 - 27)?
-80
What is 74 + 0 + (-4 - -5) + -3 - (211 + -202)?
63
What is -15 - (12 + -2 + -10 + 14 + -10 + 3)?
-22
-12 + -42 + (1 - -1) + (-13 + 6 - 6)
-65
What is the value of 0 - (1 - 1) - (-24 - (10 - 42))?
-8
What is the value of -108 + 169 - (60 + -1)?
2
What is the value of 9 + -31 + 54 - 5 - 22?
5
What is the value of (1 - 2) + 14 - (-124 - (-89 + -120))?
-72
What is the value of -12 + -1 + 0 + 308 + -81 + -246?
-32
Evaluate -14 + -1 - (85 + 86 - 161).
-25
What is (-1 + 6 - 98) + 3 + 50 + -16 + -25?
-81
Evaluate 2 + -64 - (-9 - (-102 + 111)).
-44
Calculate 76 + -48 - (-19 + 75 - -2).
-30
Evaluate (-3 - -92) + (10 + 6 + -14 - 5).
86
Calculate -101 + -111 + 219 - ((-3 - -5) + -2 - -3).
4
What is -24 + (12 - 52 - -38)?
-26
35 + -11 - 8 - 27 - -61
50
Calculate 30 + (12 + 39 - 34).
47
What is the value of 9 - -10 - (-1 + 0) - (94 + 3)?
-77
Calculate 122 + (42 - -28 - 130).
62
29 + -16 - 31 - (37 + -6)
-49
What is -5 + 71 + 96 - (39 + -4)?
127
Calculate 17 - (-56 - -4 - -25).
44
-43 - (18 + -15 - 28)
-18
-33 + (8 - -28 - (87 - 60))
-24
(-20 - -4 - (-82 + 63)) + (0 - 1)
2
17 - ((28 - (22 + -25)) + 65)
-79
What is 67 + (0 - 35 - (-310 + 258))?
84
-23 + 28 + -27 + 25 + (6 - -52)
61
What is the value of 39 - (-6 + (3 - -2 - 3) + 13)?
30
What is 30 + (-9 - 1) + -12 - (-20 + 1 + 3)?
24
(-2 - -18) + (3 - (9 - 23 - -22)) + -7
4
1 + 4 + -1 + -17 + 16 + (-2 - 14)
-13
5 + -34 + (7 - 5) + 15 - (8 - 1)
-19
Calculate (-4911 - -4923) + 28 + -1.
39
Calculate -66 - (31 + -41 + 79 + -36).
-99
What is the value of -20 + 61 + (0 - -9 - -6) - 12?
44
Evaluate -1 - -26 - (183 + (-48 - 97)).
-13
(-146 - -20) + 211 + (-3 - (1 + 1))
80
(6 + -2 - -6) + (-10 - 3) + (160 - 145)
12
8 - (33 - 48 - -2) - -12
33
Evaluate (58 + -72 - 67) + (-5 - -20).
-66
Evaluate 4 + (11 - (7 - (9 - 37) - -6)) + 0.
-26
Calculate -138 + (-19 - -53 - 41 - -12).
-133
Calculate -4 - (2 - (-7 + 10 + -1 + 7)).
3
Evaluate 54 + (-9 - (-14 + 15) - 10) + 8.
42
Calculate 5 - ((20 - (0 - -30)) + -8 - 39).
62
(-93 + 50 - -89) + -42
4
Calculate 27 + -15 + (-57 - -63).
18
-97 + 74 - -3 - (-2 - -42)
-60
What is (11 - 88 - -293) + -110?
106
What is the value of 28 + -2 + 4 + (6 - (8 - 19) - 15)?
32
What is -1 + -28 + 42 + -1 + -18 + -12?
-18
What is the value of -7 + 21 + (4 - (13 - 15 - -11))?
9
Calculate (0 - 15) + (-24 - (54 - 91)) - 75.
-77
22 + (3 - (3 + -6)) + 97 + -117
8
Evaluate 35 - ((8 - 11) + 1 + (6 - 8) + 9).
30
Calculate 313 - 292 - (-42 - 5).
68
What is -207 - (54 + -309 + 117)?
-69
What is -41 + 14 + 70 + -85?
-42
Calculate (-36 - 13 - -7) + 74.
32
What is (-53 - -2) + (-77 - -155)?
27
Calculate (-12 - (22 + -21)) + (3 + 9 - -3).
2
What is the value of (17 - 4 - 14) + (34 - -3)?
36
What is the value of (4 - -7) + (21 - (45 - 35))?
22
What is the value of -3 - (0 + 8) - (89 - 83 - (2 - 0))?
-15
Evaluate (143 - (241 + -111)) + 2 + (39 - -1).
55
What is the value of (37 - 1) + (-149 - -143) + -18?
12
Evaluate (-38 + 78 - 20) + (3 - 107 - -8).
-76
Evaluate 83 + -38 + -63 + 1 + 1 + 1 + 159.
144
-5 + (6 - (-34 - (-4 + 9)))
40
What is -23 + (-43 - -11) - -29 - 5?
-31
Calculate -27 - (-69 - -124) - -112.
30
-18 + 0 + -39 + -8 + -8 - (-1 + 8)
-80
What is the value of -28 - -51 - 48 - 42 - (6 + -1 + -3)?
-69
29 - (-15 - -25 - 26)
45
What is the value of 10 - -28 - 2 - (-4 - (5 + 0 - 4))?
41
Calculate -75 - (-18 + 20 + -40).
-37
Calculate (9 + -3 - -51) + -6 + -3 - (10 + -14).
52
Evaluate (6 - -2) + (6 - 7 - (18 - -17)).
-28
What is (-146 - -142) + (25 - 0 - (10 + -11)) - 8?
14
-549 - -549 - (2 + 9 - -6)
-17
What is the value of 29 - (91 + -77 - (2 - -23))?
40
Evaluate 166 + -2 + (898 - 1075).
-13
What is 8 + -2 + (58 - 25) + -47?
-8
Calculate 1 - (-5 - 1) - (-73 - -41 - -78).
-39
-1 - ((-26 - -41 - 25) + -16 + 36)
-11
What is (-45 - -116) + 54 - 69?
56
89 - (96 + (-35 - -96))
-68
Evaluate -1 - 55 - ((-1124 - -1116) + 1 + -2).
-47
Evaluate -1 + (-1 - 10 - (48 + (-34 - 19))).
-7
Calculate 5 + -4 + -38 + 58.
21
What is the value of (-811 - -840) + -27 + 3?
5
What is the value of 0 - 12 - ((-349 - -370) + (0 - 11))?
-22
Calculate -33 - ((1 - 115) + 49).
32
Calculate -7 + (-10 - -21) + 7 + -42.
-31
What is the value of (8 + (0 - 0) - ((123 - 259) + 136)) + -12?
-4
What is the value of 11 - (29 + -5 + -9 - 11) - (46 + 0)?
-39
What 